{"id":139582,"date":"2025-05-29T08:55:36","date_gmt":"2025-05-29T08:55:36","guid":{"rendered":"https:\/\/joyfball.me\/politique-de-retour\/"},"modified":"2025-06-18T09:31:08","modified_gmt":"2025-06-18T09:31:08","slug":"politique-de-retour","status":"publish","type":"page","link":"https:\/\/joyfball.me\/?page_id=139582","title":{"rendered":"Politique de retour"},"content":{"rendered":"\t\t<div data-elementor-type=\"wp-page\" data-elementor-id=\"139582\" class=\"elementor elementor-139582\">\n\t\t\t\t<div class=\"elementor-element elementor-element-ee2f70d e-flex e-con-boxed e-con e-parent\" data-id=\"ee2f70d\" data-element_type=\"container\">\n\t\t\t\t\t<div class=\"e-con-inner\">\n\t\t\t\t<div class=\"elementor-element elementor-element-14bd336 elementor-widget elementor-widget-heading\" data-id=\"14bd336\" data-element_type=\"widget\" data-widget_type=\"heading.default\">\n\t\t\t\t<div class=\"elementor-widget-container\">\n\t\t\t\t\t<h1 class=\"elementor-heading-title elementor-size-default\">Politique de retour<\/h1>\t\t\t\t<\/div>\n\t\t\t\t<\/div>\n\t\t\t\t\t<\/div>\n\t\t\t\t<\/div>\n\t\t<div class=\"elementor-element elementor-element-22bf4bb e-flex e-con-boxed e-con e-parent\" data-id=\"22bf4bb\" data-element_type=\"container\">\n\t\t\t\t\t<div class=\"e-con-inner\">\n\t\t\t\t<div class=\"elementor-element elementor-element-7746e68 elementor-widget elementor-widget-text-editor\" data-id=\"7746e68\" data-element_type=\"widget\" data-widget_type=\"text-editor.default\">\n\t\t\t\t<div class=\"elementor-widget-container\">\n\t\t\t\t\t\t\t\t\t<p>Si vous n \u00ab \u00eates pas satisfait \u00e0 100 % de votre achat, vous pouvez nous retourner l&#8217;article dans les 30 jours suivant la r\u00e9ception du colis pour obtenir un remboursement int\u00e9gral.<br>Quelle que soit la raison pour laquelle vous n \u00bb \u00eates pas satisfait de votre achat, n&#8217;h\u00e9sitez pas \u00e0 nous contacter d&#8217;abord et \u00e0 exp\u00e9dier l&#8217;article \u00e0 la bonne adresse dans un \u00e9tat commercialisable.<\/p>\n<p><br><b>Guide du retour  <\/b><\/p>\n<p>Veillez \u00e0 ce que les produits soient dans leur \u00e9tat d&#8217;origine.<\/p>\n<p>Cela signifie que le produit n&#8217;a pas \u00e9t\u00e9 lav\u00e9, port\u00e9, que l&#8217;emballage plastique n&#8217;a pas \u00e9t\u00e9 retir\u00e9, qu&#8217;il n&#8217;a pas \u00e9t\u00e9 endommag\u00e9.<\/p>\n<p>Les articles portant un nom et un num\u00e9ro personnalis\u00e9s ou d\u00e9j\u00e0 lav\u00e9s ne peuvent pas \u00eatre retourn\u00e9s (pas de probl\u00e8me de qualit\u00e9), veuillez comprendre.  <\/p>\n<p><b><br>\u00c9change<br><\/b>Les articles sans badge\u3001nom ou num\u00e9ro personnalis\u00e9 peuvent \u00eatre \u00e9chang\u00e9s contre d&#8217;autres articles de m\u00eame valeur ou \u00e0 un prix diff\u00e9rent, mais vous devez payer les frais d&#8217;exp\u00e9dition pour le renvoi et la r\u00e9exp\u00e9dition.<\/p>\n<p><b><br>Que puis-je faire en cas de probl\u00e8me de taille lors de l \u00ab \u00e9change ?<br><\/b>1. vous pouvez renvoyer le produit \u00e0 l \u00bb \u00e9change. <b>vous devez payer les frais de renvoi.<\/b><\/p>\n<p>2. Vous pouvez nous payer 15 $ ou 50 % de l&#8217;article \u00e9chang\u00e9, et nous vous renverrons une autre taille si vous souhaitez \u00e9changer \u00e0 nouveau l&#8217;article.<\/p>\n<p>mcorper mattis, pulvinar dapibus leo.<\/p>\t\t\t\t\t\t\t\t<\/div>\n\t\t\t\t<\/div>\n\t\t\t\t\t<\/div>\n\t\t\t\t<\/div>\n\t\t\t\t<\/div>\n\t\t","protected":false},"excerpt":{"rendered":"<p>Politique de retour Si vous n \u00ab \u00eates pas satisfait \u00e0 100 % de votre achat, vous pouvez nous retourner l&#8217;article dans les 30 jours suivant la r\u00e9ception du colis pour obtenir un remboursement int\u00e9gral.Quelle que soit la raison pour laquelle vous n \u00bb \u00eates pas satisfait de votre achat, n&#8217;h\u00e9sitez pas \u00e0 nous contacter [&hellip;]<\/p>\n","protected":false},"author":1,"featured_media":0,"parent":0,"menu_order":0,"comment_status":"closed","ping_status":"closed","template":"","meta":{"footnotes":""},"class_list":["post-139582","page","type-page","status-publish","hentry"],"blocksy_meta":[],"_links":{"self":[{"href":"https:\/\/joyfball.me\/index.php?rest_route=\/wp\/v2\/pages\/139582","targetHints":{"allow":["GET"]}}],"collection":[{"href":"https:\/\/joyfball.me\/index.php?rest_route=\/wp\/v2\/pages"}],"about":[{"href":"https:\/\/joyfball.me\/index.php?rest_route=\/wp\/v2\/types\/page"}],"author":[{"embeddable":true,"href":"https:\/\/joyfball.me\/index.php?rest_route=\/wp\/v2\/users\/1"}],"replies":[{"embeddable":true,"href":"https:\/\/joyfball.me\/index.php?rest_route=%2Fwp%2Fv2%2Fcomments&post=139582"}],"version-history":[{"count":0,"href":"https:\/\/joyfball.me\/index.php?rest_route=\/wp\/v2\/pages\/139582\/revisions"}],"wp:attachment":[{"href":"https:\/\/joyfball.me\/index.php?rest_route=%2Fwp%2Fv2%2Fmedia&parent=139582"}],"curies":[{"name":"wp","href":"https:\/\/api.w.org\/{rel}","templated":true}]}}